{"id":6476,"date":"2019-08-10T21:15:41","date_gmt":"2019-08-10T19:15:41","guid":{"rendered":"http:\/\/www.penzionzlatydukat.sk\/?post_type=gallery&#038;p=6476"},"modified":"2019-08-10T21:15:41","modified_gmt":"2019-08-10T19:15:41","slug":"petka-a-peto-zahradna-svadba-2-8-2019","status":"publish","type":"gallery","link":"https:\/\/www.penzionzlatydukat.sk\/en\/gallery\/petka-a-peto-zahradna-svadba-2-8-2019\/","title":{"rendered":"Pe\u0165ka a Pe\u0165o z\u00e1hradn\u00e1 svadba 2.8.2019"},"content":{"rendered":"","protected":false},"excerpt":{"rendered":"","protected":false},"author":2,"featured_media":6488,"parent":0,"menu_order":0,"template":"","category-gallery":[],"class_list":["post-6476","gallery","type-gallery","status-publish","has-post-thumbnail","hentry"],"aioseo_notices":[],"_links":{"self":[{"href":"https:\/\/www.penzionzlatydukat.sk\/en\/wp-json\/wp\/v2\/gallery\/6476","targetHints":{"allow":["GET"]}}],"collection":[{"href":"https:\/\/www.penzionzlatydukat.sk\/en\/wp-json\/wp\/v2\/gallery"}],"about":[{"href":"https:\/\/www.penzionzlatydukat.sk\/en\/wp-json\/wp\/v2\/types\/gallery"}],"author":[{"embeddable":true,"href":"https:\/\/www.penzionzlatydukat.sk\/en\/wp-json\/wp\/v2\/users\/2"}],"version-history":[{"count":1,"href":"https:\/\/www.penzionzlatydukat.sk\/en\/wp-json\/wp\/v2\/gallery\/6476\/revisions"}],"predecessor-version":[{"id":6492,"href":"https:\/\/www.penzionzlatydukat.sk\/en\/wp-json\/wp\/v2\/gallery\/6476\/revisions\/6492"}],"wp:featuredmedia":[{"embeddable":true,"href":"https:\/\/www.penzionzlatydukat.sk\/en\/wp-json\/wp\/v2\/media\/6488"}],"wp:attachment":[{"href":"https:\/\/www.penzionzlatydukat.sk\/en\/wp-json\/wp\/v2\/media?parent=6476"}],"wp:term":[{"taxonomy":"category-gallery","embeddable":true,"href":"https:\/\/www.penzionzlatydukat.sk\/en\/wp-json\/wp\/v2\/category-gallery?post=6476"}],"curies":[{"name":"wp","href":"https:\/\/api.w.org\/{rel}","templated":true}]}}

Peťka a Peťo záhradná svadba 2.8.2019
