{"id":6554,"date":"2019-09-30T14:41:33","date_gmt":"2019-09-30T12:41:33","guid":{"rendered":"http:\/\/www.penzionzlatydukat.sk\/?post_type=gallery&#038;p=6554"},"modified":"2019-09-30T14:41:33","modified_gmt":"2019-09-30T12:41:33","slug":"matka-a-martin-zahradna-svadba-9-8-2019","status":"publish","type":"gallery","link":"https:\/\/www.penzionzlatydukat.sk\/en\/gallery\/matka-a-martin-zahradna-svadba-9-8-2019\/","title":{"rendered":"Ma\u0165ka a Martin z\u00e1hradn\u00e1 svadba 9.8.2019"},"content":{"rendered":"","protected":false},"excerpt":{"rendered":"","protected":false},"author":2,"featured_media":6570,"parent":0,"menu_order":0,"template":"","category-gallery":[],"class_list":["post-6554","gallery","type-gallery","status-publish","has-post-thumbnail","hentry"],"aioseo_notices":[],"_links":{"self":[{"href":"https:\/\/www.penzionzlatydukat.sk\/en\/wp-json\/wp\/v2\/gallery\/6554","targetHints":{"allow":["GET"]}}],"collection":[{"href":"https:\/\/www.penzionzlatydukat.sk\/en\/wp-json\/wp\/v2\/gallery"}],"about":[{"href":"https:\/\/www.penzionzlatydukat.sk\/en\/wp-json\/wp\/v2\/types\/gallery"}],"author":[{"embeddable":true,"href":"https:\/\/www.penzionzlatydukat.sk\/en\/wp-json\/wp\/v2\/users\/2"}],"version-history":[{"count":1,"href":"https:\/\/www.penzionzlatydukat.sk\/en\/wp-json\/wp\/v2\/gallery\/6554\/revisions"}],"predecessor-version":[{"id":6571,"href":"https:\/\/www.penzionzlatydukat.sk\/en\/wp-json\/wp\/v2\/gallery\/6554\/revisions\/6571"}],"wp:featuredmedia":[{"embeddable":true,"href":"https:\/\/www.penzionzlatydukat.sk\/en\/wp-json\/wp\/v2\/media\/6570"}],"wp:attachment":[{"href":"https:\/\/www.penzionzlatydukat.sk\/en\/wp-json\/wp\/v2\/media?parent=6554"}],"wp:term":[{"taxonomy":"category-gallery","embeddable":true,"href":"https:\/\/www.penzionzlatydukat.sk\/en\/wp-json\/wp\/v2\/category-gallery?post=6554"}],"curies":[{"name":"wp","href":"https:\/\/api.w.org\/{rel}","templated":true}]}}

Maťka a Martin záhradná svadba 9.8.2019
